uppose 4*m + 12*m = 592. Suppose 19*i = -m + 56. What is the highest common factor of 61 and i?
1
Let f(z) = z**2 - 3*z - 10. Let s be f(5). Suppose 3*p + s + 6 = 0. Let j be p/(-3) + (-128)/(-6). What is the highest common factor of 154 and j?
22
Suppose 21*s + 26654 = 161978. What is the greatest common divisor of s and 36?
36
Let h(d) = d**2 - 10*d + 52. Let i be h(18). What is the highest common factor of i and 476?
28
Let h be 0/(-6)*(0 - (-3)/12). Suppose -j - 1 = f + j, h = -j. Let a = f - -11. Calculate the highest common factor of a and 90.
10
Suppose -u - u + 22 = 5*n, -4*n + 4*u = -12. Let l(z) = 4*z - 14. Let g be l(n). Suppose 6*h - 168 = -g*h. Calculate the highest common divisor of h and 21.
21
Let h(o) = 3*o. Let u(g) = -4*g + 1. Let n(d) = -3*h(d) - 4*u(d). Let b be n(6). Let k = b + -31. What is the greatest common factor of k and 1?
1
Let d = 9517 - 9209. Calculate the highest common divisor of 1936 and d.
44
Let z(x) = x**3 + 12*x**2 - 17*x - 7. Suppose -31*y = -7*y + 312. Let u be z(y). What is the highest common factor of u and 5?
5
Let u = 450 - -999. Let z = u - 929. What is the highest common factor of 52 and z?
52
Suppose x = -8 + 1. Let n be (x/2)/((-24)/96). Suppose -4*u + 245 = u. Calculate the greatest common divisor of n and u.
7
Let v be (-2 - -3)/((-6)/(-18)). Suppose j = -4*o - 13 + 29, v*o + j = 13. What is the highest common divisor of o and 24?
3
Let t(i) = 6 - 3*i**2 - 12*i**2 + 30*i**2 - 10*i - 13*i**2. Let v be t(5). Let w be -2 + (42 - -2) + 0. What is the highest common factor of v and w?
6
Let r = -31 + 21. Let b be r/75 + 6/45. Suppose 0 = -3*h - b*h + 15. Calculate the highest common factor of 20 and h.
5
Suppose r + 10 = 6*r. Suppose -4*o - 183 = 3*d, -2*d - 135 = -5*o + 10. Let g = -63 - d. Calculate the greatest common factor of g and r.
2
Let x(b) be the first derivative of -9*b**2/2 + 62*b - 67. Let q be x(6). Calculate the highest common factor of 376 and q.
8
Let m(h) = h**3 + 34*h**2 - 159*h - 38. Let f be m(-35). Calculate the greatest common divisor of f and 18.
18
Suppose -73 + 423 = -49*t + 840. Suppose -2*z + 232 = 92. Calculate the greatest common factor of t and z.
10
Let c(n) = -263*n + 1172. Let u be c(4). What is the greatest common factor of u and 225?
15
Let x(q) = q**3 + q**2 - 3*q - 3. Let m be x(2). Suppose 4*b - m*l - 1716 = 0, -8*b + 3*l + 2145 = -3*b. What is the highest common divisor of b and 39?
39
Suppose 54*n - 39999 = -13*n. What is the highest common factor of n and 15?
3
Let y be (234/(-18))/((-5)/445). What is the greatest common divisor of 156 and y?
13
Let w(k) = 310*k - 10844. Let y be w(35). Calculate the highest common divisor of 30 and y.
6
Suppose -30*a + 3*u - 567 = -32*a, 572 = 2*a - 2*u. Suppose -16*v = 3*v - a. Calculate the highest common divisor of v and 735.
15
Let u = 1 + 17. Let d be (6*1)/(9/u). What is the greatest common divisor of 12 and d?
12
Let d be 45/6*(-14)/(-21). Suppose d*b - 57 = u, -b + 5*b + 3*u - 57 = 0. What is the highest common factor of 100 and b?
4
Suppose 4*z + 237 = 5*w, 2*z + 4*w + 101 = 3*w. Suppose -32 + 4 = v. Let y = v - z. Calculate the highest common divisor of y and 5.
5
Suppose -2*r + q + 152 = 0, -171*q = -3*r - 167*q + 248. Calculate the highest common divisor of 128 and r.
8
Let a = 142 - 122. Suppose 0 = x - 39 - 141. What is the highest common factor of a and x?
20
Let l(v) = v**2 - 12*v - 1612. Let q be l(-41). What is the highest common divisor of q and 408?
51
Suppose 12*l - 2209 = 1236 + 2075. What is the highest common factor of l and 6?
2
Let d = 7394 - 6844. What is the greatest common factor of 3250 and d?
50
Suppose 5*o + 5*x - 27535 = 0, -x - 35971 = -5*o - 8400. What is the highest common factor of o and 37?
37
Suppose -22*h = -6*h - 16. Suppose 3*p - v = 102 + h, 5*v - 10 = 0. Calculate the greatest common factor of p and 21.
7
Let z(n) = 4*n + 385. Let y be z(23). Calculate the highest common divisor of y and 212.
53
Let g(t) = t**2 - 15*t + 115. Let a be g(10). What is the highest common divisor of 40 and a?
5
Let m = -50881 - -50905. Let t = 45 + -30. Calculate the greatest common factor of t and m.
3
Suppose 5*b - 290 = -3*q, 5*q = 2*q + 2*b + 325. Let a = -1259 + 1334. What is the highest common divisor of a and q?
15
Let k = 378 - 387. Let s(p) = p**3 + 12*p**2 + 10*p + 79. Let i be s(k). Suppose 4*b - 2*b = 58. What is the highest common factor of i and b?
29
Let o = -1250 + 1257. Suppose 3*p = -p + 252. Calculate the greatest common divisor of o and p.
7
Let m(s) = -2*s**3 + 89*s**2 + 62*s + 540. Let v be m(45). Calculate the greatest common divisor of 1595 and v.
145
Let b(y) = -372*y - 3795. Let t be b(-11). Suppose 810 = 5*v - 3*g, -2*g = 2*v - v - 175. Calculate the highest common factor of t and v.
33
Let w = 169 + -121. Let o = 119 + -113. What is the highest common divisor of w and o?
6
Let m be -30*10/4*(-3)/5. What is the greatest common factor of m and 2385?
45
Let b(i) = -i + 21. Suppose 4*o - 27 = -5*o. Let z be b(o). Calculate the greatest common divisor of z and 6.
6
Let y be -2 + (4*5)/1. Suppose -553 = -m + 5*o, 11*o + 1677 = 3*m + 14*o. What is the highest common divisor of y and m?
18
Suppose -12*m - 14*m = 11414. Let s = 679 + m. Calculate the highest common factor of s and 60.
60
Let s be (18/21 + (-6)/(-42))*225. Let j(i) = 3*i**2 + i + 4. Let f be j(3). Let p = f - 9. Calculate the greatest common divisor of s and p.
25
Suppose -1295 = -4*v - c, -2*c = -110*v + 106*v + 1286. Let g = 41 - 22. What is the greatest common divisor of v and g?
19
Let b be (-4)/(-24) + (-3550)/(-12). Calculate the highest common divisor of 37 and b.
37
Suppose 4*z - 5*n = 35, -7*n + 15 = z - 2*n. Suppose g + z*l - 11*l = 114, -3*g + 336 = -5*l. Calculate the greatest common factor of 26 and g.
13
Let i = -80 + 89. Suppose 12*j - 9*j = i. Suppose -j*f - 2*f + 260 = 0. What is the highest common divisor of f and 39?
13
Let f = 428 + -772. Let c = -248 - f. What is the greatest common factor of c and 24?
24
Suppose 4*i + 110 = 6. Let p be i*6/6*15/(-6). Calculate the greatest common divisor of p and 52.
13
Suppose 5*b = 26 + 14. Suppose -11*q + b*q + 297 = 0. Let z(j) = -12*j - 3. Let s be z(-1). What is the highest common divisor of s and q?
9
Let i = -87 - -39. Let d be i/(-216) + (-1336)/18. Let f = 83 + d. Calculate the greatest common divisor of 1 and f.
1
Let z(a) = 2*a**2 + 13*a - 28 + a**2 - 7*a**2 + 3*a**2. Let i be z(10). What is the highest common divisor of 6 and i?
2
Let y(z) = 2*z**2 + 29*z - 440. Let m be y(20). What is the highest common divisor of m and 60?
20
Let i(p) = 20*p + 251. Let l be i(8). Let f = l - 291. What is the highest common factor of 105 and f?
15
Let a = -21 + 34. Let x(k) = 2*k - 1. Let i be x(a). Suppose -3*b + 2*m = -606, -b + 6*b = 3*m + 1009. Calculate the greatest common factor of i and b.
25
Suppose 0 = -2183*l - 2898 + 33460. Let k = 988 - 638. Calculate the highest common divisor of l and k.
14
Suppose -4*a = -3*a + 137. Let t = 725 - 628. Let z = t - a. Calculate the highest common factor of z and 26.
26
Let r = 1271 - 984. What is the highest common divisor of r and 7?
7
Let b = -10824 + 11320. What is the greatest common divisor of b and 20?
4
Let x be 2/8 - (300663/792)/(1/(-6)). What is the highest common divisor of x and 268?
134
Let h = 399 + -387. Let d be -243 - (-1)/(4/(-8)). Let r = -89 - d. Calculate the highest common divisor of h and r.
12
Let m(n) = 1376*n**2 - 27*n + 3. Let q be m(1). Calculate the greatest common divisor of q and 832.
104
Suppose 0 = -7*z - 35*z. Suppose z = 19*y + y - 60. Calculate the greatest common factor of 7 and y.
1
Let h be 5/(-7) + 71020/938. Calculate the highest common divisor of 6885 and h.
15
Let l(x) = -x**2 + 106*x + 176. Let r be l(44). Calculate the highest common factor of r and 72.
24
Let k(h) = 10*h + 212. Let p be k(-21). Suppose u - 549 = -p*t - 2*u, 282 = t + 3*u. Calculate the highest common divisor of t and 89.
89
Suppose 0 = -4*s - x + 70, s - 39*x + 40*x = 16. What is the highest common factor of s and 234?
18
Let x = -14350 + 14382. Calculate the greatest common divisor of 34 and x.
2
Let r(j) = 28*j**2 - 5*j - 25. Let c = 203 + -206. Let t be r(c). What is the greatest common divisor of 